hen 19608 is divided by 4892?
40
Calculate the remainder when 2360 is divided by 602.
554
What is the remainder when 109075 is divided by 22?
21
Calculate the remainder when 2190 is divided by 29.
15
Calculate the remainder when 1459 is divided by 497.
465
Calculate the remainder when 108245 is divided by 1288.
53
Calculate the remainder when 12653 is divided by 4099.
356
Calculate the remainder when 11174 is divided by 597.
428
Calculate the remainder when 82175 is divided by 218.
207
What is the remainder when 1429 is divided by 125?
54
Calculate the remainder when 11759 is divided by 484.
143
Calculate the remainder when 3533 is divided by 351.
23
Calculate the remainder when 84162 is divided by 98.
78
What is the remainder when 9537 is divided by 2692?
1461
Calculate the remainder when 404360 is divided by 14.
12
What is the remainder when 1533 is divided by 510?
3
What is the remainder when 7021 is divided by 3506?
9
Calculate the remainder when 4738 is divided by 17.
12
Calculate the remainder when 91165 is divided by 13022.
11
What is the remainder when 4023 is divided by 106?
101
Calculate the remainder when 46478 is divided by 3872.
14
Calculate the remainder when 1331974 is divided by 218.
212
Calculate the remainder when 23259 is divided by 152.
3
What is the remainder when 19061 is divided by 128?
117
What is the remainder when 2199 is divided by 22?
21
Calculate the remainder when 6860 is divided by 665.
210
What is the remainder when 201332 is divided by 1022?
1020
What is the remainder when 99345 is divided by 480?
465
What is the remainder when 42254 is divided by 4224?
14
What is the remainder when 62159 is divided by 749?
741
Calculate the remainder when 7893 is divided by 453.
192
Calculate the remainder when 5478641 is divided by 39.
38
Calculate the remainder when 1364648 is divided by 98.
96
Calculate the remainder when 2088 is divided by 246.
120
What is the remainder when 10071 is divided by 195?
126
Calculate the remainder when 1145165 is divided by 76.
73
Calculate the remainder when 82503 is divided by 50.
3
What is the remainder when 9445 is divided by 4486?
473
What is the remainder when 78145 is divided by 55?
45
What is the remainder when 31750 is divided by 189?
187
What is the remainder when 19645 is divided by 43?
37
What is the remainder when 237666 is divided by 6990?
6
What is the remainder when 782595 is divided by 1118?
1113
Calculate the remainder when 8730 is divided by 301.
1
Calculate the remainder when 558500 is divided by 699.
698
Calculate the remainder when 294646 is divided by 4.
2
Calculate the remainder when 8077 is divided by 92.
73
Calculate the remainder when 4428 is divided by 302.
200
What is the remainder when 10956 is divided by 517?
99
Calculate the remainder when 161477 is divided by 31.
29
What is the remainder when 17002 is divided by 51?
19
Calculate the remainder when 4476 is divided by 2115.
246
Calculate the remainder when 157831 is divided by 170.
71
What is the remainder when 5071 is divided by 16?
15
Calculate the remainder when 43958 is divided by 303.
23
Calculate the remainder when 655082 is divided by 117.
116
Calculate the remainder when 9063 is divided by 2338.
2049
Calculate the remainder when 6621 is divided by 819.
69
Calculate the remainder when 23807 is divided by 440.
47
Calculate the remainder when 11354 is divided by 21.
14
What is the remainder when 18119 is divided by 604?
603
Calculate the remainder when 42495 is divided by 625.
620
What is the remainder when 1642 is divided by 107?
37
Calculate the remainder when 34537 is divided by 102.
61
Calculate the remainder when 2678 is divided by 446.
2
Calculate the remainder when 298510 is divided by 27.
25
What is the remainder when 247335 is divided by 20608?
39
What is the remainder when 28777 is divided by 144?
121
What is the remainder when 177674 is divided by 70?
14
Calculate the remainder when 21434 is divided by 376.
2
Calculate the remainder when 1883 is divided by 204.
47
What is the remainder when 534597 is divided by 15?
12
Calculate the remainder when 19167 is divided by 6.
3
Calculate the remainder when 5258 is divided by 5180.
78
Calculate the remainder when 1186 is divided by 475.
236
What is the remainder when 113140 is divided by 27?
10
What is the remainder when 8747 is divided by 242?
35
What is the remainder when 1321918 is divided by 306?
304
Calculate the remainder when 14087 is divided by 12.
11
What is the remainder when 45629 is divided by 74?
45
What is the remainder when 1623 is divided by 406?
405
Calculate the remainder when 948 is divided by 122.
94
What is the remainder when 11708 is divided by 900?
8
Calculate the remainder when 64117 is divided by 171.
163
What is the remainder when 27047 is divided by 23?
22
What is the remainder when 2001 is divided by 45?
21
Calculate the remainder when 7434 is divided by 2471.
21
What is the remainder when 835593 is divided by 27?
24
Calculate the remainder when 1160253 is divided by 9.
0
Calculate the remainder when 154092 is divided by 92.
84
What is the remainder when 702 is divided by 351?
0
What is the remainder when 11591 is divided by 28?
27
Calculate the remainder when 136758 is divided by 5065.
3
Calculate the remainder when 111022 is divided by 71.
49
What is the remainder when 433248 is divided by 216615?
18
What is the remainder when 13443 is divided by 1489?
42
Calculate the remainder when 1412 is divided by 680.
52
Calculate the remainder when 6464 is divided by 234.
146
Calculate the remainder when 1385 is divided by 627.
131
Calculate the remainder when 1320164 is divided by 26.
14
Calculate the remainder when 18489 is divided by 46.
43
Calculate the remainder when 331496 is divided by 25499.
9
Calculate the remainder when 2627 is divided by 64.
3
Calculate the remainder when 6569 is divided by 2162.
83
What is the remainder when 17402 is divided by 1338?
8
What is the remainder when 50490 is divided by 141?
12
Calculate the remainder when 4974 is divided by 1467.
573
Calculate the remainder when 1406 is divided by 675.
56
Calculate the remainder when 75101 is divided by 72.
5
Calculate the remainder when 1705 is divided by 420.
25
What is the remainder when 169828 is divided by 11321?
13
Calculate the remainder when 11933 is divided by 57.
20
What is the remainder when 31246 is divided by 126?
124
Calculate the remainder when 9884072 is divided by 267.
266
Calculate the remainder when 27547 is divided by 3933.
16
What is the remainder when 35309 is divided by 17652?
5
Calculate the remainder when 1109666 is divided by 15.
11
What is the remainder when 8615 is divided by 1506?
1085
What is the remainder when 607220 is divided by 11?
9
Calculate the remainder when 24304 is divided by 8095.
19
What is the remainder when 2952 is divided by 921?
189
What is the remainder when 15 is divided by 12?
3
Calculate the remainder when 3703 is divided by 407.
40
What is the remainder when 40235 is divided by 112?
27
Calculate the remainder when 1090 is divided by 294.
208
What is the remainder when 3606 is divided by 224?
22
Calculate the remainder when 84186 is divided by 59.
52
What is the remainder when 1107 is divided by 324?
135
What is the remainder when 112806 is divided by 10?
6
What is the remainder when 5574 is divided by 93?
87
What is the remainder when 737 is divided by 147?
2
What is the remainder when 505 is divided by 99?
10
Calculate the remainder when 2336 is divided by 549.
140
Calculate the remainder when 4903 is divided by 487.
33
What is the remainder when 83115 is divided by 2518?
21
What is the remainder when 135871 is divided by 44?
43
Calculate the remainder when 9579 is divided by 32.
11
Calculate the remainder when 6596 is divided by 352.
260
What is the remainder when 903 is divided by 184?
167
What is the remainder when 12722 is divided by 12721?
1
Calculate the remainder when 89563 is divided by 16.
11
What is the remainder when 7439 is divided by 177?
5
What is the remainder when 24981 is divided by 83?
81
Calculate the remainder when 77981 is divided by 1259.
1182
Calculate the remainder when 5181 is divided by 140.
1
Calculate the remainder when 1926 is divided by 480.
6
Calculate the remainder when 334